?
25
Suppose -256*c + 257*c - 9 = -2*q, 0 = -3*q. Suppose -4*j - 162 = -6*j. What is the highest common divisor of j and c?
9
Let m = -836 - -880. Calculate the highest common divisor of m and 341.
11
Let q(x) = x**2 - 13*x + 15. Suppose -6*b + 24 = -48. Let f be q(b). Let s be 23 - f/(3 - 6). Calculate the highest common divisor of 8 and s.
8
Let h(v) = 9*v + 131. Let j be h(-14). What is the greatest common factor of j and 35?
5
Let l(u) = u**3 - 17*u**2 - 17*u - 9. Let v = -19 + 37. Let d be l(v). What is the greatest common factor of d and 81?
9
Let u = -346 + 192. Let b = u - -217. Let v be 21/b - (-58)/6. Calculate the greatest common divisor of v and 10.
10
Let w(g) = -g**2 + 6*g - 9. Let m be w(6). Let h be -2*-2*m/(-12). Let c be 0*h/9 + 1. What is the highest common factor of c and 11?
1
Let p = -2973 - -3063. Let l be (9*1)/((-2)/(-2)). Calculate the greatest common factor of p and l.
9
Suppose -4*t - 18 = -t. Let h be (1 - 20/3)*t. Calculate the greatest common factor of 102 and h.
34
Let g be 60/40 - ((-3458)/(-4))/(-7). Calculate the greatest common divisor of g and 25.
25
Let x(t) = 11*t**2 - 5*t - 15. Let j be x(-2). What is the highest common factor of 169 and j?
13
Let d be (28/(-8) - -1)*2. Let n = -5 - d. Suppose -6*p + 0*p + 24 = n. What is the greatest common factor of 16 and p?
4
Suppose 5*d = 4*r - 1065, 2*r + 3*r - 5*d - 1335 = 0. What is the greatest common factor of 30 and r?
30
Suppose 0*d - 3*d + 21 = 5*t, d + 13 = 5*t. Suppose 0 = t*g + g - 32. Let h be (9 + 1)*-1*-4. Calculate the highest common factor of h and g.
8
Suppose -15*k + 41*k = 7254. What is the highest common divisor of 31 and k?
31
Let g = 220 - 140. What is the greatest common divisor of g and 32?
16
Let y be (-3)/2*(-42)/63. Let f be 1 + (6 - 4) + y. Calculate the greatest common factor of f and 36.
4
Let t be ((-432)/(-84))/(-1*(-1)/14). Let a = 238 + -130. What is the greatest common divisor of a and t?
36
Suppose -3*w = 5*y - 76, -3*y - 75 - 36 = -4*w. Let r(m) = 11*m**2 - 10*m + 15. Let k be r(5). Let q = 57 + k. What is the highest common divisor of q and w?
27
Suppose -3*l + 5*y + 146 + 206 = 0, 3*y = 3*l - 354. Suppose 16*f = 1038 - 414. Suppose 36*o + 51 = f*o. Calculate the highest common divisor of o and l.
17
Suppose 2*g = 2*z - 190, 0 = -5*g + 2*z - 6*z - 466. Let v = 234 + g. Calculate the greatest common divisor of v and 20.
20
Let g(b) = b**3 + 2*b**2 - 11*b + 2. Suppose 2*j = -14 + 4. Let m be g(j). Let a = m + 32. What is the greatest common factor of a and 14?
14
Suppose 0 = 2*u - m - 1 + 2, 10 = 4*u + 2*m. Let k be (45/(-135))/((-1)/69*u). What is the greatest common factor of k and 46?
23
Suppose -96 + 201 = 3*z. What is the highest common divisor of 560 and z?
35
Suppose -7*d = -6 - 1. Let o be d/9 - (-210)/54. What is the highest common divisor of 16 and o?
4
Let b = 458 - 416. Calculate the highest common divisor of 189 and b.
21
Suppose -7*h - 539 + 735 = 0. Calculate the greatest common factor of 1428 and h.
28
Let p(d) = -d**2 - 4*d + 1. Let n be p(-4). Let j(r) = 21*r**2 - 2. Let k be j(n). What is the greatest common divisor of 209 and k?
19
Let f(d) = 8*d**2 + 3. Let w be f(-3). Let b be 64/40*w/2. Let q = 30 + b. What is the greatest common divisor of 10 and q?
10
Let i = -35 + 40. Suppose 7*w = 306 + 79. Calculate the greatest common factor of i and w.
5
Let u(r) = 2*r - 2. Let t be u(1). Suppose 5*z - 150 = -5*k, t*z = -2*z - 5*k + 72. What is the greatest common factor of 65 and z?
13
Let s be 3/4 + (-4)/(32/(-186)). Suppose -j - l + s = -0*j, 3*l = 5*j - 136. Calculate the highest common factor of 91 and j.
13
Let b = -215 - -519. What is the highest common factor of 38 and b?
38
Let u be (-12)/((-2)/(-4)*-2). Let b(a) = 5*a - 4. Let p be b(2). Let d = 30 - p. Calculate the highest common divisor of d and u.
12
Let y = -87 + 142. Suppose -7*h + y = -2*h. What is the highest common factor of 77 and h?
11
Suppose 0 = 3*n - 5*n - 10, -4*l = 5*n + 5. Suppose -l*f + 4*o = -35, f - o + 2 = -2*o. What is the highest common divisor of 24 and f?
3
Suppose 0 = -8*h + 3*h - 180. Let g = h + 41. Let z(o) = 10*o + 5. Let s be z(4). What is the greatest common divisor of s and g?
5
Suppose -3*b = -4*w - 88, -4*b = w - 0*w - 130. Let k be (-29 + 9 - -14)/((-2)/16). What is the greatest common divisor of b and k?
16
Let j(i) = -3*i - 3. Let s be j(-2). Let q be (-198)/77*(-28)/s. What is the highest common factor of 18 and q?
6
Let n = 1235 + -873. Suppose 5*g + 18 + n = 2*h, -3*g = -5*h + 912. Calculate the highest common divisor of h and 20.
20
Let c(a) = 32*a + 1. Let i be c(2). What is the greatest common divisor of i and 30?
5
Suppose 3*t - 3*w = 30, t + 0*w + 2*w - 4 = 0. Let o = 173 + -101. Calculate the greatest common divisor of o and t.
8
Let h = -214 - -223. What is the highest common factor of h and 24?
3
Suppose 3*i + 2*t = 81, i - 30 + 3 = 5*t. Suppose -i = z - 135. Suppose -3*f + z + 74 = -5*p, 5*f - 312 = 4*p. Calculate the highest common divisor of 8 and f.
8
Suppose 203*z - 6080 = 184*z. Calculate the highest common factor of 20 and z.
20
Let w be (-166)/(-12) + 95/(-114). Calculate the greatest common factor of w and 117.
13
Let m = 402 + -394. Calculate the highest common factor of m and 328.
8
Let x(b) be the first derivative of -b**4/4 - 17*b**3/3 - 8*b**2 + 2*b - 56. Let d be x(-16). Calculate the greatest common factor of 14 and d.
2
Suppose 49*g - 951 - 1499 = 0. What is the greatest common factor of 225 and g?
25
Suppose 2*a - 341 + 65 = 0. Let y = -102 + a. Calculate the highest common factor of y and 18.
18
Let w be (5 - (4 - -6)) + (119 - 0). What is the greatest common factor of 152 and w?
38
Let d(z) = -z**2 - 45*z - 56. Let p be d(-43). Calculate the greatest common factor of 285 and p.
15
Let p be 65/25 + -2 + 214/10. Calculate the greatest common divisor of p and 165.
11
Let p be 793/5 - (-238)/595. What is the highest common factor of p and 689?
53
Let k(y) = 12*y + 8. Let p = -2 + 5. Suppose 2*x + p*x = 40. Let z be k(x). Calculate the greatest common factor of z and 13.
13
Suppose 0 = 2*c + 4*m + 6, -4*c + 5 + 1 = 2*m. Let b be 2 - 15/(-3) - c. Suppose -3*j + b = -2*j. Calculate the highest common factor of 16 and j.
4
Let n(z) = -20*z + 11. Let w(s) = -7*s + 4. Let y(i) = -4*n(i) + 14*w(i). Let h be y(-2). What is the highest common divisor of h and 32?
16
Let f(h) = -h**2 + 73*h - 681. Let r be f(13). Let i = 32 - 23. Calculate the highest common divisor of r and i.
9
Suppose -2*b - 39 - 49 = -5*k, -5*k + 94 = 4*b. Let v(g) = g**3 - 4*g**2 - 20*g - 6. Let f be v(8). What is the greatest common divisor of f and k?
18
Suppose 0 = -7*k - 3*k + 390. Let u be (-24)/(-2) - (3 + 2 + -6). What is the highest common factor of u and k?
13
Let d be (-1784)/(-32) + 1/4. Suppose -3*b + 277 = -2*m + d, 5*b = -4*m + 383. Suppose 0 = -15*p + 20*p - b. Calculate the greatest common factor of p and 6.
3
Let a = 13 - -9. Let g = 13 + a. Let x = -11 + g. Calculate the highest common factor of x and 6.
6
Let r = 1658 + -853. Calculate the highest common divisor of r and 105.
35
Suppose h - 36 = -2*h. Let x(a) = -24*a + 270. Let u be x(11). Calculate the highest common factor of h and u.
6
Suppose 9*o + 7*o = -2480. Let k = o + 169. Calculate the highest common factor of k and 56.
14
Let z(b) = -b**2 + 2*b + 132. Let c be z(0). What is the highest common factor of 99 and c?
33
Let z be ((-524)/8 + 0)*(0 - -4). Let l = 452 + z. Calculate the greatest common factor of l and 76.
38
Let d = -67 + 71. Calculate the greatest common factor of 108 and d.
4
Let h(z) be the third derivative of z**4/24 - 5*z**3/3 - z**2. Let p be (-1 - 15/(-12))*44. Let f be h(p). Calculate the highest common factor of f and 5.
1
Suppose 2*k = -k - 5*c + 43, k + 14 = 4*c. Calculate the greatest common divisor of 21 and k.
3
Let f be ((-24)/(-30))/((-2)/60). Let a = f - -36. Suppose 0 = -2*x - x + a. What is the highest common divisor of 20 and x?
4
Suppose 0 = -4*j - b + 2423, b = -5*j - 1330 + 4358. What is the greatest common divisor of 55 and j?
55
Let i be 650/(-52) + (-1)/(-2). Let v be 3 + (-3 - 1 - i). Suppose 3*u + 12 = 0, -4*t + 157 + 207 = -3*u. What is the greatest common divisor of v and t?
11
Let v(w) = 2*w - 4. Let s be v(